{"id":25,"date":"2023-05-03T04:32:33","date_gmt":"2023-05-03T08:32:33","guid":{"rendered":"https:\/\/madameivonne.ca\/contact\/"},"modified":"2023-06-01T19:10:31","modified_gmt":"2023-06-01T23:10:31","slug":"contactfr","status":"publish","type":"page","link":"https:\/\/madameivonne.ca\/?page_id=25","title":{"rendered":"Contact"},"content":{"rendered":"\n<div class=\"wp-block-media-text alignwide is-stacked-on-mobile\" style=\"grid-template-columns:26% auto\"><figure class=\"wp-block-media-text__media\"><img loading=\"lazy\" decoding=\"async\" width=\"300\" height=\"200\" src=\"https:\/\/madameivonne.ca\/wp-content\/uploads\/2023\/05\/appel-300x200.jpg\" alt=\"\" class=\"wp-image-500 size-medium\" srcset=\"https:\/\/madameivonne.ca\/wp-content\/uploads\/2023\/05\/appel-300x200.jpg 300w, https:\/\/madameivonne.ca\/wp-content\/uploads\/2023\/05\/appel-768x512.jpg 768w, https:\/\/madameivonne.ca\/wp-content\/uploads\/2023\/05\/appel-174x116.jpg 174w, https:\/\/madameivonne.ca\/wp-content\/uploads\/2023\/05\/appel-272x182.jpg 272w, https:\/\/madameivonne.ca\/wp-content\/uploads\/2023\/05\/appel.jpg 800w\" sizes=\"auto, (max-width: 300px) 100vw, 300px\" \/><\/figure><div class=\"wp-block-media-text__content\">\n<h3 class=\"wp-block-heading\">Pour nous joindre<\/h3>\n\n\n\n<hr class=\"wp-block-separator has-alpha-channel-opacity\"\/>\n\n\n\n<h6 class=\"wp-block-heading\">N&rsquo;h\u00e9sitez pas \u00e0 contacter Madame Ivonne pour de plus amples informations<\/h6>\n<\/div><\/div>\n\n\n<p><\/p>\n<h6>Madame Ivonne<\/h6>\n<h6>inscription@madameivonne.ca<\/h6>\n\n\n<hr class=\"wp-block-separator has-alpha-channel-opacity\"\/>\n\n\n<h3><br \/>Salle principale de l&rsquo;\u00e9v\u00e9nement<\/h3>\n<p>\u00a0<\/p>\n<h6>Centre Communautaire de Sainte-Catherine-de-Hatley<\/h6>\n<h6><a href=\"https:\/\/goo.gl\/maps\/td75FEuoksxU1iBy6\" target=\"_blank\" rel=\"noopener\">85 Rue la Grande, Sainte-Catherine-de-Hatley, QC J0B 1W0<\/a><\/h6>\n<p>\u00a0<\/p>\n\n\n<figure class=\"wp-block-image size-large\"><img loading=\"lazy\" decoding=\"async\" width=\"1024\" height=\"614\" src=\"https:\/\/madameivonne.ca\/wp-content\/uploads\/2023\/05\/Salle-1024x614.jpg\" alt=\"\" class=\"wp-image-228\" srcset=\"https:\/\/madameivonne.ca\/wp-content\/uploads\/2023\/05\/Salle-1024x614.jpg 1024w, https:\/\/madameivonne.ca\/wp-content\/uploads\/2023\/05\/Salle-300x180.jpg 300w, https:\/\/madameivonne.ca\/wp-content\/uploads\/2023\/05\/Salle-768x461.jpg 768w, https:\/\/madameivonne.ca\/wp-content\/uploads\/2023\/05\/Salle-1536x922.jpg 1536w, https:\/\/madameivonne.ca\/wp-content\/uploads\/2023\/05\/Salle-193x116.jpg 193w, https:\/\/madameivonne.ca\/wp-content\/uploads\/2023\/05\/Salle.jpg 2000w\" sizes=\"auto, (max-width: 1024px) 100vw, 1024px\" \/><\/figure>\n\n\n\n<hr class=\"wp-block-separator has-alpha-channel-opacity\"\/>\n\n\n<h3>\u00c9v\u00e9nement ext\u00e9rieur du dimanche<\/h3>\n<p><\/p>\n<h6>Parc Terrio<\/h6>\n<h6><a href=\"https:\/\/goo.gl\/maps\/LGk6aMXhnatteuyb9\" target=\"_blank\" rel=\"noreferrer noopener\">17 rue Terrio, Bolton-Est, QC J0E 1G0<\/a><\/h6>","protected":false},"excerpt":{"rendered":"<p>Madame Ivonne inscription@madameivonne.ca Salle principale de l&rsquo;\u00e9v\u00e9nement \u00a0 Centre Communautaire de Sainte-Catherine-de-Hatley 85 Rue la Grande, Sainte-Catherine-de-Hatley, QC J0B 1W0 \u00a0 \u00c9v\u00e9nement ext\u00e9rieur du dimanche Parc Terrio 17 rue Terrio, Bolton-Est, QC J0E 1G0<\/p>\n","protected":false},"author":3,"featured_media":0,"parent":0,"menu_order":0,"comment_status":"closed","ping_status":"closed","template":"","meta":{"footnotes":""},"class_list":["post-25","page","type-page","status-publish","hentry"],"_links":{"self":[{"href":"https:\/\/madameivonne.ca\/index.php?rest_route=\/wp\/v2\/pages\/25","targetHints":{"allow":["GET"]}}],"collection":[{"href":"https:\/\/madameivonne.ca\/index.php?rest_route=\/wp\/v2\/pages"}],"about":[{"href":"https:\/\/madameivonne.ca\/index.php?rest_route=\/wp\/v2\/types\/page"}],"author":[{"embeddable":true,"href":"https:\/\/madameivonne.ca\/index.php?rest_route=\/wp\/v2\/users\/3"}],"replies":[{"embeddable":true,"href":"https:\/\/madameivonne.ca\/index.php?rest_route=%2Fwp%2Fv2%2Fcomments&post=25"}],"version-history":[{"count":17,"href":"https:\/\/madameivonne.ca\/index.php?rest_route=\/wp\/v2\/pages\/25\/revisions"}],"predecessor-version":[{"id":950,"href":"https:\/\/madameivonne.ca\/index.php?rest_route=\/wp\/v2\/pages\/25\/revisions\/950"}],"wp:attachment":[{"href":"https:\/\/madameivonne.ca\/index.php?rest_route=%2Fwp%2Fv2%2Fmedia&parent=25"}],"curies":[{"name":"wp","href":"https:\/\/api.w.org\/{rel}","templated":true}]}}