{"id":271,"date":"2023-05-23T18:57:37","date_gmt":"2023-05-23T22:57:37","guid":{"rendered":"https:\/\/madameivonne.ca\/?page_id=271"},"modified":"2023-05-26T11:13:01","modified_gmt":"2023-05-26T15:13:01","slug":"programme","status":"publish","type":"page","link":"https:\/\/madameivonne.ca\/?page_id=271","title":{"rendered":"Programme"},"content":{"rendered":"<div id=\"pl-gb271-69f9e4c1afbad\"  class=\"panel-layout\" ><div id=\"pg-gb271-69f9e4c1afbad-0\"  class=\"panel-grid panel-no-style\" ><div id=\"pgc-gb271-69f9e4c1afbad-0-0\"  class=\"panel-grid-cell\" ><div id=\"panel-gb271-69f9e4c1afbad-0-0-0\" class=\"so-panel widget widget_sow-button panel-first-child panel-last-child\" data-index=\"0\" ><div\n\t\t\t\n\t\t\tclass=\"so-widget-sow-button so-widget-sow-button-flat-27527cf1e216-271\"\n\t\t\t\n\t\t><div class=\"ow-button-base ow-button-align-center\"\n>\n\t\t\t<a\n\t\t\t\t\thref=\"https:\/\/madameivonne.ca\/?page_id=267\"\n\t\t\t\t\tclass=\"sowb-button ow-icon-placement-left ow-button-hover\" \t>\n\t\t<span>\n\t\t\t<span class=\"sow-icon-elegantline\" data-sow-icon=\"&#xe032;\"\n\t\tstyle=\"color: #000000\" \n\t\taria-hidden=\"true\"><\/span>\n\t\t\tINSCRIPTION\t\t<\/span>\n\t\t\t<\/a>\n\t<\/div>\n<\/div><\/div><\/div><\/div><\/div>\n\n\n<hr class=\"wp-block-separator has-alpha-channel-opacity\"\/>\n\n\n\n<div class=\"wp-block-media-text alignwide is-stacked-on-mobile\" style=\"grid-template-columns:29% auto\"><figure class=\"wp-block-media-text__media\"><img loading=\"lazy\" decoding=\"async\" width=\"273\" height=\"184\" src=\"https:\/\/madameivonne.ca\/wp-content\/uploads\/2023\/05\/coktail.jpeg\" alt=\"\" class=\"wp-image-308 size-full\" srcset=\"https:\/\/madameivonne.ca\/wp-content\/uploads\/2023\/05\/coktail.jpeg 273w, https:\/\/madameivonne.ca\/wp-content\/uploads\/2023\/05\/coktail-172x116.jpeg 172w, https:\/\/madameivonne.ca\/wp-content\/uploads\/2023\/05\/coktail-272x182.jpeg 272w\" sizes=\"auto, (max-width: 273px) 100vw, 273px\" \/><\/figure><div class=\"wp-block-media-text__content\">\n<h3 class=\"wp-block-heading\"><strong>Accueil &#8211; vendredi 14 juillet<\/strong><\/h3>\n\n\n\n<h4 class=\"wp-block-heading\">Cocktail de Bienvenue <\/h4>\n\n\n\n<p>19h30 \u00e0 20h30 &#8211; <a href=\"https:\/\/goo.gl\/maps\/bhYNDYqKGpZWjmxB9\" target=\"_blank\" rel=\"noreferrer noopener\">Salle principale<\/a><\/p>\n\n\n\n<p class=\"has-medium-font-size\"><strong>avec Los Cuatro Amigos<\/strong><\/p>\n<\/div><\/div>\n\n\n\n<hr class=\"wp-block-separator has-alpha-channel-opacity\"\/>\n\n\n\n<div class=\"wp-block-media-text alignwide is-stacked-on-mobile\" style=\"grid-template-columns:29% auto\"><figure class=\"wp-block-media-text__media\"><img loading=\"lazy\" decoding=\"async\" width=\"1024\" height=\"660\" src=\"https:\/\/madameivonne.ca\/wp-content\/uploads\/2023\/05\/Bernard-scaled-e1684944824549-1024x660.jpg\" alt=\"\" class=\"wp-image-301 size-full\" srcset=\"https:\/\/madameivonne.ca\/wp-content\/uploads\/2023\/05\/Bernard-scaled-e1684944824549-1024x660.jpg 1024w, https:\/\/madameivonne.ca\/wp-content\/uploads\/2023\/05\/Bernard-scaled-e1684944824549-300x193.jpg 300w, https:\/\/madameivonne.ca\/wp-content\/uploads\/2023\/05\/Bernard-scaled-e1684944824549-768x495.jpg 768w, https:\/\/madameivonne.ca\/wp-content\/uploads\/2023\/05\/Bernard-scaled-e1684944824549-1536x990.jpg 1536w, https:\/\/madameivonne.ca\/wp-content\/uploads\/2023\/05\/Bernard-scaled-e1684944824549-180x116.jpg 180w, https:\/\/madameivonne.ca\/wp-content\/uploads\/2023\/05\/Bernard-scaled-e1684944824549.jpg 1660w\" sizes=\"auto, (max-width: 1024px) 100vw, 1024px\" \/><\/figure><div class=\"wp-block-media-text__content\"><div id=\"pl-gb271-69f9e4c1b3c8e\"  class=\"panel-layout\" ><div id=\"pg-gb271-69f9e4c1b3c8e-0\"  class=\"panel-grid panel-no-style\" ><div id=\"pgc-gb271-69f9e4c1b3c8e-0-0\"  class=\"panel-grid-cell\" ><div id=\"panel-gb271-69f9e4c1b3c8e-0-0-0\" class=\"so-panel widget widget_siteorigin-panels-builder panel-first-child panel-last-child\" data-index=\"0\" ><div id=\"pl-w646e6f7481bb7\"  class=\"panel-layout\" ><div id=\"pg-w646e6f7481bb7-0\"  class=\"panel-grid panel-no-style\" ><div id=\"pgc-w646e6f7481bb7-0-0\"  class=\"panel-grid-cell\" ><div id=\"panel-w646e6f7481bb7-0-0-0\" class=\"so-panel widget widget_text panel-first-child panel-last-child\" data-index=\"0\" >\t\t\t<div class=\"textwidget\"><p><\/p>\n<h3 class=\"wp-block-heading\"><strong>Milonga du vendredi<\/strong><\/h3>\n<p> <\/p>\n<h4 class=\"wp-block-heading\">Hommage \u00e0 la France<\/h4>\n<p><\/p>\n<\/div>\n\t\t<\/div><\/div><div id=\"pgc-w646e6f7481bb7-0-1\"  class=\"panel-grid-cell\" ><div id=\"panel-w646e6f7481bb7-0-1-0\" class=\"so-panel widget widget_media_image panel-first-child panel-last-child\" data-index=\"1\" ><img loading=\"lazy\" decoding=\"async\" width=\"300\" height=\"300\" src=\"https:\/\/madameivonne.ca\/wp-content\/uploads\/2023\/05\/drapeauFR-300x300.jpg\" class=\"image wp-image-341  attachment-medium size-medium\" alt=\"\" style=\"max-width: 100%; height: auto;\" srcset=\"https:\/\/madameivonne.ca\/wp-content\/uploads\/2023\/05\/drapeauFR-300x300.jpg 300w, https:\/\/madameivonne.ca\/wp-content\/uploads\/2023\/05\/drapeauFR-150x150.jpg 150w, https:\/\/madameivonne.ca\/wp-content\/uploads\/2023\/05\/drapeauFR-768x768.jpg 768w, https:\/\/madameivonne.ca\/wp-content\/uploads\/2023\/05\/drapeauFR-116x116.jpg 116w, https:\/\/madameivonne.ca\/wp-content\/uploads\/2023\/05\/drapeauFR.jpg 1000w\" sizes=\"auto, (max-width: 300px) 100vw, 300px\" \/><\/div><\/div><\/div><\/div><\/div><\/div><\/div><\/div>\n\n\n<p class=\"has-small-font-size\">(parce que Madame Ivonne est avant tout fran\u00e7aise !)<\/p>\n\n\n\n<p>20h30 \u00e0 1h30 &#8211; <a rel=\"noreferrer noopener\" href=\"https:\/\/goo.gl\/maps\/bhYNDYqKGpZWjmxB9\" target=\"_blank\">Salle principale<\/a><\/p>\n\n\n\n<p class=\"has-medium-font-size\"><strong>Dj: Bernard \u00ab&nbsp;El piCar\u00f3n&nbsp;\u00bb<\/strong><\/p>\n<\/div><\/div>\n\n\n\n<hr class=\"wp-block-separator has-alpha-channel-opacity\"\/>\n\n\n\n<div class=\"wp-block-media-text alignwide is-stacked-on-mobile\" style=\"grid-template-columns:29% auto\"><figure class=\"wp-block-media-text__media\"><img loading=\"lazy\" decoding=\"async\" width=\"315\" height=\"292\" src=\"https:\/\/madameivonne.ca\/wp-content\/uploads\/2023\/05\/tea-party-vintage-e1684950312783.jpg\" alt=\"\" class=\"wp-image-316 size-full\" srcset=\"https:\/\/madameivonne.ca\/wp-content\/uploads\/2023\/05\/tea-party-vintage-e1684950312783.jpg 315w, https:\/\/madameivonne.ca\/wp-content\/uploads\/2023\/05\/tea-party-vintage-e1684950312783-300x278.jpg 300w, https:\/\/madameivonne.ca\/wp-content\/uploads\/2023\/05\/tea-party-vintage-e1684950312783-125x116.jpg 125w\" sizes=\"auto, (max-width: 315px) 100vw, 315px\" \/><\/figure><div class=\"wp-block-media-text__content\">\n<h3 class=\"wp-block-heading\"><strong>Le brunch de Madame Ivonne<\/strong><\/h3>\n\n\n\n<h4 class=\"wp-block-heading\">Samedi 15 juillet<\/h4>\n\n\n\n<p>11h00 \u00e0 12h00 &#8211; <a rel=\"noreferrer noopener\" href=\"https:\/\/goo.gl\/maps\/bhYNDYqKGpZWjmxB9\" target=\"_blank\">Salle principale<\/a><\/p>\n\n\n\n<p class=\"has-medium-font-size\"><\/p>\n<\/div><\/div>\n\n\n\n<hr class=\"wp-block-separator has-alpha-channel-opacity\"\/>\n\n\n\n<div class=\"wp-block-media-text alignwide is-stacked-on-mobile\" style=\"grid-template-columns:30% auto\"><figure class=\"wp-block-media-text__media\"><img loading=\"lazy\" decoding=\"async\" width=\"1000\" height=\"600\" src=\"https:\/\/madameivonne.ca\/wp-content\/uploads\/2023\/05\/DjLyson.jpg\" alt=\"\" class=\"wp-image-740 size-full\" srcset=\"https:\/\/madameivonne.ca\/wp-content\/uploads\/2023\/05\/DjLyson.jpg 1000w, https:\/\/madameivonne.ca\/wp-content\/uploads\/2023\/05\/DjLyson-300x180.jpg 300w, https:\/\/madameivonne.ca\/wp-content\/uploads\/2023\/05\/DjLyson-768x461.jpg 768w, https:\/\/madameivonne.ca\/wp-content\/uploads\/2023\/05\/DjLyson-193x116.jpg 193w\" sizes=\"auto, (max-width: 1000px) 100vw, 1000px\" \/><\/figure><div class=\"wp-block-media-text__content\">\n<h3 class=\"wp-block-heading\"><strong>Milonga d&rsquo;apr\u00e8s-midi<\/strong><\/h3>\n\n\n\n<h4 class=\"wp-block-heading\">Hommage \u00e0 Michel Auzat<\/h4>\n\n\n\n<p>12h00 \u00e0 16h00 &#8211; <a rel=\"noreferrer noopener\" href=\"https:\/\/goo.gl\/maps\/bhYNDYqKGpZWjmxB9\" target=\"_blank\">Salle principale<\/a><\/p>\n\n\n\n<p class=\"has-medium-font-size\"><strong>Dj: Lyson<\/strong><\/p>\n<\/div><\/div>\n\n\n\n<hr class=\"wp-block-separator has-alpha-channel-opacity\"\/>\n\n\n\n<div class=\"wp-block-media-text alignwide is-stacked-on-mobile\" style=\"grid-template-columns:29% auto\"><figure class=\"wp-block-media-text__media\"><img loading=\"lazy\" decoding=\"async\" width=\"1024\" height=\"612\" src=\"https:\/\/madameivonne.ca\/wp-content\/uploads\/2023\/05\/DjGuy-e1684959506812-1024x612.jpg\" alt=\"\" class=\"wp-image-361 size-full\" srcset=\"https:\/\/madameivonne.ca\/wp-content\/uploads\/2023\/05\/DjGuy-e1684959506812-1024x612.jpg 1024w, https:\/\/madameivonne.ca\/wp-content\/uploads\/2023\/05\/DjGuy-e1684959506812-300x179.jpg 300w, https:\/\/madameivonne.ca\/wp-content\/uploads\/2023\/05\/DjGuy-e1684959506812-768x459.jpg 768w, https:\/\/madameivonne.ca\/wp-content\/uploads\/2023\/05\/DjGuy-e1684959506812-1536x917.jpg 1536w, https:\/\/madameivonne.ca\/wp-content\/uploads\/2023\/05\/DjGuy-e1684959506812-194x116.jpg 194w, https:\/\/madameivonne.ca\/wp-content\/uploads\/2023\/05\/DjGuy-e1684959506812.jpg 2048w\" sizes=\"auto, (max-width: 1024px) 100vw, 1024px\" \/><\/figure><div class=\"wp-block-media-text__content\">\n<h3 class=\"wp-block-heading\"><strong>Milonga du samedi soir<\/strong><\/h3>\n\n\n\n<h4 class=\"wp-block-heading\"><\/h4>\n\n\n\n<p>20h30 \u00e0 1h30 &#8211; <a rel=\"noreferrer noopener\" href=\"https:\/\/goo.gl\/maps\/bhYNDYqKGpZWjmxB9\" target=\"_blank\">Salle principale<\/a><\/p>\n\n\n\n<p class=\"has-medium-font-size\"><strong>Dj: Guy \u00ab&nbsp;El Irland\u00e9s&nbsp;\u00bb<\/strong><\/p>\n<\/div><\/div>\n\n\n\n<hr class=\"wp-block-separator has-alpha-channel-opacity\"\/>\n\n\n\n<div class=\"wp-block-media-text alignwide is-stacked-on-mobile\" style=\"grid-template-columns:29% auto\"><figure class=\"wp-block-media-text__media\"><img loading=\"lazy\" decoding=\"async\" width=\"1024\" height=\"682\" src=\"https:\/\/madameivonne.ca\/wp-content\/uploads\/2023\/05\/radiotango-1024x682.jpg\" alt=\"\" class=\"wp-image-325 size-full\" srcset=\"https:\/\/madameivonne.ca\/wp-content\/uploads\/2023\/05\/radiotango-1024x682.jpg 1024w, https:\/\/madameivonne.ca\/wp-content\/uploads\/2023\/05\/radiotango-300x200.jpg 300w, https:\/\/madameivonne.ca\/wp-content\/uploads\/2023\/05\/radiotango-768x512.jpg 768w, https:\/\/madameivonne.ca\/wp-content\/uploads\/2023\/05\/radiotango-174x116.jpg 174w, https:\/\/madameivonne.ca\/wp-content\/uploads\/2023\/05\/radiotango-272x182.jpg 272w, https:\/\/madameivonne.ca\/wp-content\/uploads\/2023\/05\/radiotango.jpg 1334w\" sizes=\"auto, (max-width: 1024px) 100vw, 1024px\" \/><\/figure><div class=\"wp-block-media-text__content\">\n<h3 class=\"wp-block-heading\"><strong>\u00c9v\u00e9nement ext\u00e9rieur gratuit<\/strong><\/h3>\n\n\n\n<p>avec la collaboration de la <a rel=\"noreferrer noopener\" href=\"http:\/\/www.boltonest.ca\/Municipalite\/Evenement.aspx?Id=4876\" target=\"_blank\">Municipalit\u00e9 de Bolton-Est<\/a> <br>(\u00c9v\u00e9nement grand public ouvert \u00e0 tous)<\/p>\n\n\n\n<h4 class=\"wp-block-heading\">Orchestre Radiotango en plein air<\/h4>\n\n\n\n<p>Dimanche 16 juillet, de 14h \u00e0 16h<br>Parc Terrio &#8211; <a href=\"https:\/\/goo.gl\/maps\/LGk6aMXhnatteuyb9\" target=\"_blank\" rel=\"noreferrer noopener\">17 rue Terrio, Bolton-Est, QC J0E 1G0<\/a><\/p>\n\n\n\n<p><strong>Plancher de danse ext\u00e9rieur (b\u00e9ton)<\/strong><\/p>\n<\/div><\/div>\n\n\n\n<hr class=\"wp-block-separator has-alpha-channel-opacity\"\/>\n\n\n\n<div class=\"wp-block-media-text alignwide is-stacked-on-mobile\" style=\"grid-template-columns:29% auto\"><figure class=\"wp-block-media-text__media\"><img loading=\"lazy\" decoding=\"async\" width=\"911\" height=\"547\" src=\"https:\/\/madameivonne.ca\/wp-content\/uploads\/2023\/05\/Bryant.jpg\" alt=\"\" class=\"wp-image-380 size-full\" srcset=\"https:\/\/madameivonne.ca\/wp-content\/uploads\/2023\/05\/Bryant.jpg 911w, https:\/\/madameivonne.ca\/wp-content\/uploads\/2023\/05\/Bryant-300x180.jpg 300w, https:\/\/madameivonne.ca\/wp-content\/uploads\/2023\/05\/Bryant-768x461.jpg 768w, https:\/\/madameivonne.ca\/wp-content\/uploads\/2023\/05\/Bryant-193x116.jpg 193w\" sizes=\"auto, (max-width: 911px) 100vw, 911px\" \/><\/figure><div class=\"wp-block-media-text__content\"><div id=\"pl-gb271-69f9e4c1b4b0e\"  class=\"panel-layout\" ><div id=\"pg-gb271-69f9e4c1b4b0e-0\"  class=\"panel-grid panel-no-style\" ><div id=\"pgc-gb271-69f9e4c1b4b0e-0-0\"  class=\"panel-grid-cell\" ><div id=\"panel-gb271-69f9e4c1b4b0e-0-0-0\" class=\"so-panel widget widget_siteorigin-panels-builder panel-first-child panel-last-child\" data-index=\"0\" ><div id=\"pl-w646e6f9996d31\"  class=\"panel-layout\" ><div id=\"pg-w646e6f9996d31-0\"  class=\"panel-grid panel-no-style\" ><div id=\"pgc-w646e6f9996d31-0-0\"  class=\"panel-grid-cell\" ><div id=\"panel-w646e6f9996d31-0-0-0\" class=\"so-panel widget widget_text panel-first-child panel-last-child\" data-index=\"0\" >\t\t\t<div class=\"textwidget\"><p><\/p>\n<h3 class=\"wp-block-heading\"><strong>Milonga de fermeture<\/strong><\/h3>\n<p> <\/p>\n<h4 class=\"wp-block-heading\">Hommage \u00e0 l&rsquo;Argentine<\/h4>\n<p><\/p>\n<\/div>\n\t\t<\/div><\/div><div id=\"pgc-w646e6f9996d31-0-1\"  class=\"panel-grid-cell\" ><div id=\"panel-w646e6f9996d31-0-1-0\" class=\"so-panel widget widget_media_image panel-first-child panel-last-child\" data-index=\"1\" ><img loading=\"lazy\" decoding=\"async\" width=\"300\" height=\"300\" src=\"https:\/\/madameivonne.ca\/wp-content\/uploads\/2023\/05\/drapeauAR-300x300.jpg\" class=\"image wp-image-344  attachment-medium size-medium\" alt=\"\" style=\"max-width: 100%; height: auto;\" srcset=\"https:\/\/madameivonne.ca\/wp-content\/uploads\/2023\/05\/drapeauAR-300x300.jpg 300w, https:\/\/madameivonne.ca\/wp-content\/uploads\/2023\/05\/drapeauAR-150x150.jpg 150w, https:\/\/madameivonne.ca\/wp-content\/uploads\/2023\/05\/drapeauAR-116x116.jpg 116w, https:\/\/madameivonne.ca\/wp-content\/uploads\/2023\/05\/drapeauAR.jpg 375w\" sizes=\"auto, (max-width: 300px) 100vw, 300px\" \/><\/div><\/div><\/div><\/div><\/div><\/div><\/div><\/div>\n\n\n<p class=\"has-small-font-size\">(parce qu&rsquo;ils ont quand m\u00eame gagn\u00e9 la Coupe du monde !)<\/p>\n\n\n\n<p>17h00 \u00e0 22h00 &#8211; <a rel=\"noreferrer noopener\" href=\"https:\/\/goo.gl\/maps\/bhYNDYqKGpZWjmxB9\" target=\"_blank\">Salle principale<\/a><\/p>\n\n\n\n<p class=\"has-medium-font-size\"><strong>Dj: Bryant Lopez<\/strong><\/p>\n<\/div><\/div>\n\n\n\n<hr class=\"wp-block-separator has-alpha-channel-opacity\"\/>\n","protected":false},"excerpt":{"rendered":"<p>Accueil &#8211; vendredi 14 juillet Cocktail de Bienvenue 19h30 \u00e0 20h30 &#8211; Salle principale avec Los Cuatro Amigos Le brunch de Madame Ivonne Samedi 15 juillet 11h00 \u00e0 12h00 &#8211; Salle principale Milonga d&rsquo;apr\u00e8s-midi Hommage \u00e0 Michel Auzat 12h00 \u00e0 16h00 &#8211; Salle principale Dj: Lyson Milonga du samedi soir 20h30 \u00e0 1h30 &#8211; Salle [&hellip;]<\/p>\n","protected":false},"author":3,"featured_media":0,"parent":0,"menu_order":0,"comment_status":"closed","ping_status":"closed","template":"","meta":{"footnotes":""},"class_list":["post-271","page","type-page","status-publish","hentry"],"_links":{"self":[{"href":"https:\/\/madameivonne.ca\/index.php?rest_route=\/wp\/v2\/pages\/271","targetHints":{"allow":["GET"]}}],"collection":[{"href":"https:\/\/madameivonne.ca\/index.php?rest_route=\/wp\/v2\/pages"}],"about":[{"href":"https:\/\/madameivonne.ca\/index.php?rest_route=\/wp\/v2\/types\/page"}],"author":[{"embeddable":true,"href":"https:\/\/madameivonne.ca\/index.php?rest_route=\/wp\/v2\/users\/3"}],"replies":[{"embeddable":true,"href":"https:\/\/madameivonne.ca\/index.php?rest_route=%2Fwp%2Fv2%2Fcomments&post=271"}],"version-history":[{"count":52,"href":"https:\/\/madameivonne.ca\/index.php?rest_route=\/wp\/v2\/pages\/271\/revisions"}],"predecessor-version":[{"id":741,"href":"https:\/\/madameivonne.ca\/index.php?rest_route=\/wp\/v2\/pages\/271\/revisions\/741"}],"wp:attachment":[{"href":"https:\/\/madameivonne.ca\/index.php?rest_route=%2Fwp%2Fv2%2Fmedia&parent=271"}],"curies":[{"name":"wp","href":"https:\/\/api.w.org\/{rel}","templated":true}]}}